-5).
6
Let j(g) = -2 + 12 - 2 + g**2. Give j(0).
8
Let s(k) = -5*k**2 + 5*k + 2*k**2 + 3 + 124*k**3 - 125*k**3. Give s(-4).
-1
Let o(l) be the second derivative of -l**4/3 - 5*l. What is o(1)?
-4
Let d(h) = -h**3 + 9*h**2 - 8*h + 2. Let p be 2/(-6)*4*(-258)/43. Determine d(p).
2
Let o(z) = 11*z**2 - z. Let i be o(-1). Suppose -4*t - i = -7*t. Suppose 14 = -3*g - 5*w, -4 + 20 = -t*w. Let f(l) = 2*l. Give f(g).
4
Let q(y) be the third derivative of -y**7/840 + y**6/240 - y**5/120 - y**4/8 - 4*y**2. Let l(x) be the second derivative of q(x). Give l(2).
-7
Let g(d) = 25*d**2 - d. Suppose -k = -4*c - 11, -4*c = -3*k - c + 6. Give g(k).
26
Let c = -1 + 3. Suppose -c*d - 5 = 4*n - 1, 5*d - 2*n = 2. Let r(b) = -b**3 + b**2 - 3. What is r(d)?
-3
Let h(r) = r**2 - 2. Let p(j) = j**2 - 2. Let z(t) = -5*h(t) + 6*p(t). Give z(-2).
2
Let q(p) = -2*p - 6. Let d be q(-5). Let t(r) = -r**2 - 7*r + 4. Let a(m) = 6*m**2 + 36*m - 19. Let l(c) = 2*a(c) + 11*t(c). Determine l(d).
2
Let y(i) = i - 1. Let j be y(4). Let l(v) = j - 2*v - 2 - 2*v. Let s(p) = p + 7. Let a be s(-6). Calculate l(a).
-3
Let h(g) = -13*g**2 - 27*g - 20. Let d(p) = -3*p**2 - 7*p - 5. Let m(f) = 9*d(f) - 2*h(f). Give m(-6).
13
Suppose 3*z + o - 19 = -4*o, 3*o = 5*z - 9. Suppose 4*x + 11 = k, -z*k = -k - 3*x - 7. Let b(u) = -7*u**2 + u + 1. What is b(k)?
-7
Let q = 11 + -15. Let c = 2 - q. Let k(o) = o + 1. Determine k(c).
7
Let k(i) = -i - 7. Suppose -q = 3*q - 24. Determine k(q).
-13
Let b(t) = -2*t**2 - 3*t - 1. Let k be -3 + (0 - -3) + -2. Give b(k).
-3
Let c(p) = -p - 6. Suppose 0*r = r. Let j be c(r). Let z(m) = m**3 + 7*m**2 + 6*m + 4. Determine z(j).
4
Suppose 0 = -0*g - 5*g. Suppose -3*l + 9 = -g. Let x(n) = -4*n + 2 + 2*n**2 + l*n**2 - 2*n**2. Calculate x(2).
6
Let p(f) = -1. Let r(w) = 4*w - 7. Let b(d) = -3*p(d) + r(d). Give b(3).
8
Let l(u) = 4*u - u**3 + 24 + 0 - 20 - 3*u**2. Let h be 6*-1*2/(-6). Suppose j = v, v = 5*j + h*v + 24. What is l(j)?
4
Let b(m) be the second derivative of 11*m**4/24 - m**3/6 - 5*m**2/2 - 5*m. Let u(c) be the first derivative of b(c). Give u(1).
10
Let p(x) = -3*x**2. Let r(i) = i**2 - i. Let v(m) = p(m) + 2*r(m). Suppose 7*w + 13 = -8. Give v(w).
-3
Let k be 3 + 0 - (-2 - 1). Let l(o) = o. Give l(k).
6
Suppose -6*o - 20 = -4*x - 2*o, 3*x + 5*o = -25. Let d(m) = -m + 8. Calculate d(x).
8
Let f be 6/((-5)/(-3) + -1). Suppose -f = -5*h + 1. Let t(v) = 1 + v**2 - 4*v**h + 4*v**2 - 2*v. Calculate t(1).
0
Let s(i) = -3*i - 1. Let c(n) = n - 14. Let x be c(-14). Let p = x - -24. What is s(p)?
11
Suppose 5*m - m - 5 = -q, -5*m = -5. Let k be (-2)/4*(q + -5). Let o(u) = -u**3 + 1 - u + 5 + u**2 + 4*u**k. What is o(5)?
1
Let y(k) be the second derivative of -k**5/20 - k**4/4 + k**3/2 + 2*k**2 - 43*k. What is y(-4)?
8
Let o(m) be the second derivative of -m**5/20 - 7*m**4/12 - 7*m**3/6 - 3*m. Give o(-6).
6
Let h(o) = -4*o + 2 - 3 - 2 + 8. Let p(u) = u - 1. Let s(k) = h(k) + 3*p(k). Calculate s(2).
0
Let p(f) = 2*f. Let c = 5 - 7. Suppose -2*y = -3 + 11. Let h be (y - (-2 - 0))/c. What is p(h)?
2
Let u(l) be the second derivative of 0*l**3 + 0*l**2 + 0*l**5 + 2*l + 0 - 1/240*l**6 - 1/12*l**4. Let v(j) be the third derivative of u(j). Determine v(-2).
6
Let g(j) = 2*j + 5. Suppose 0 = 6*r - r - 25, -3*m - 5*r + 37 = 0. Determine g(m).
13
Let z(l) = l - 7 - l**2 - 3*l - l + 3. Calculate z(-4).
-8
Let w(u) = u**3 - 2*u**2 - 5*u + 5. Let p be w(2). Let s(n) = 2*n + 5. What is s(p)?
-5
Let i(x) = x**2 - 5*x - 2. Let c(o) = o**2 - 12*o - 9. Let k be c(13). What is i(k)?
-6
Let o(u) be the first derivative of -1/360*u**6 + 3 + 0*u**2 + 1/120*u**5 + 0*u + 0*u**4 - 4/3*u**3. Let y(x) be the third derivative of o(x). Calculate y(0).
0
Let y(u) = u + 12. Let s be y(-10). Let f(o) = o**3 + 4*o**2 + 0*o**3 + 153*o - s - 152*o. Determine f(-4).
-6
Let a(v) be the first derivative of v**3/3 + v**2/2 - 3*v - 1. What is a(0)?
-3
Let m(d) be the second derivative of d**5/20 - 5*d**4/12 - d**3/3 + 3*d**2/2 - 3*d. Give m(5).
-7
Suppose 8 = -2*f - 2. Let g(l) be the second derivative of 1/20*l**5 + 1/3*l**4 + 1/2*l**2 - 5/6*l**3 + l + 0. Give g(f).
1
Let t = 66 + -64. Let w(h) be the first derivative of 9*h - 1/2*h**2 + t. Determine w(5).
4
Suppose 0*y = 2*y - 4. Let x(v) = -v + 0*v**y - 12 + v**2 + 1. Give x(0).
-11
Let i(d) = -d + 13. Let f be i(-10). Suppose 9 + f = -4*o. Let g(r) = -2*r - 11. Determine g(o).
5
Let a(u) = -u**2 - 8*u - 5. Let z be a(-7). Suppose i - z*i + 2 = 0. Let n(b) = 2*b + 2. Calculate n(i).
6
Let l(b) be the third derivative of b**6/120 + b**5/10 + b**4/12 + 4*b**3/3 - b**2. Let r(t) = -t + 9. Let h be r(11). Let a be (h + 1)/(2/12). Determine l(a).
-4
Suppose 0 = -3*l + 4*l - 3. Suppose l*d - 3 = -0. Let c(g) = g. What is c(d)?
1
Let w(s) be the third derivative of -s**5/60 - s**4/6 + s**3/2 + s**2. Suppose 3*h = 3*i + 9, 2*i + 4*h = -h - 34. Let q = i + 2. Calculate w(q).
-2
Let j(a) = a**3 - 2*a**2 + a. Let m be j(2). Let v(z) be the second derivative of 0 - 2*z - 1/6*z**3 + 0*z**m. Give v(-1).
1
Let w(x) = 8*x - 4 + x**2 + 2*x - 4*x - 12*x. What is w(6)?
-4
Let i(w) be the third derivative of -w**8/6720 + w**7/504 - w**6/360 - w**5/40 + w**4/3 + 6*w**2. Let q(a) be the second derivative of i(a). Give q(4).
5
Suppose -18 = -7*v + 10. Let q(i) = -i + 12. Let u be q(7). Let b(p) = -p - p + u - v*p + 7*p. Calculate b(0).
5
Let q(i) = -i**3 - 4*i**2 + 2*i + 4. Let a(h) = h - 7. Let z be a(8). Let g be z*-6 + (2 - 0). Give q(g).
-4
Let h(n) = -4*n + 5. Suppose -5*o = -12 - 13. Suppose 16 = o*x - 4. What is h(x)?
-11
Let k(x) be the third derivative of -x**6/40 + x**4/12 + x**3/6 - 49*x**2. What is k(2)?
-19
Suppose -3*r = -6, -2 = 5*j - 4*r + 26. Let z(c) be the first derivative of -c**2/2 + c - 1. Calculate z(j).
5
Let u(t) = t**3 + 10*t**2 + 9*t + 9. Let v be 18/(2 + (-8 - -4)). What is u(v)?
9
Let l(i) be the second derivative of i**3/2 - 3*i**2 + i. Let s(r) = 7*r - 11. Let f(h) = -5*l(h) + 2*s(h). Calculate f(4).
4
Let z = -42 + 42. Let o(s) = -s - 4. What is o(z)?
-4
Let g(v) = -v - 1. Let o be 4/8*0/(-2). Let t be (-6)/(-6) + (o - 0). Give g(t).
-2
Let l(f) = -9*f**2 + f - 1. Let x = -27 - -28. Calculate l(x).
-9
Let p(x) = 14*x**3 - 32*x**2 + 8*x - 8. Let h(r) = -5*r**3 + 11*r**2 - 3*r + 3. Let m(d) = -17*h(d) - 6*p(d). What is m(-3)?
6
Let k(b) = -b - 5. Suppose 3*w + 19 = -2. Give k(w).
2
Let j(a) = -a**2 - 5*a + 4. Let r(b) = b**2 - 9*b - 7. Let f be r(8). Let i = f + 9. Let m(y) = y + 2. Let l be m(i). Give j(l).
8
Let q(w) = -2*w + 3. Let t(u) = -u + 7. Suppose 0 = 3*c + 2*c - 25. Let j be t(c). Give q(j).
-1
Suppose -2*h = -3*f + 28, -2*f + 6*h - 2*h + 32 = 0. Let u(w) = -w**3 + 6*w**2 - w - 4. What is u(f)?
-10
Let l = -15 + 23. Let g(x) = x - 11. Calculate g(l).
-3
Suppose -4*o = -2*a + 12, -3*a = -7*a + 4*o + 36. Let n be -12*2/a*-4. Let j = n - 9. Let y(z) = 5*z. Give y(j).
-5
Let s(j) = j**2 - 3*j - 6. Let g = 7 - -2. Let c be (-3)/g*12/(-2). Let v = c + 3. Give s(v).
4
Let o(j) = 2*j + 5. Let n(b) = -b - 2. Let r(g) = 5*n(g) + 2*o(g). Let v(s) = -s - 5. Let p(z) = 2*r(z) - v(z). Suppose -5*c + 2*c = -12. Give p(c).
1
Let p be 5 - ((-4)/2 - -5). Suppose m = -p*m + 6, m = 2*r - 2. Let f(a) = a**3 + a - a**r - 1 - 2*a**3 + 4. Calculate f(0).
3
Let f(n) be the second derivative of -n**7/840 + n**6/180 - n**5/120 + n**4/6 - 5*n**3/6 + 3*n. Let a(b) be the second derivative of f(b). Give a(3).
-8
Let o(q) = -q - 1. Let z(p) = 3*p + 1. Let t(r) = -2*o(r) - z(r). Suppose -3*b + 2*b + 5 = 0. Suppose -4*w - 16 = -0*w + l, -31 = b*w + 4*l. What is t(w)?
4
Let p(c) be the third derivative of -c**5/20 + c**4/8 - c**3/3 - 2*c**2. Suppose 0 = -2*u - 6 + 14. Suppose 3*r = 2*q - 4, q + 1 - u = r. Calculate p(r).
-8
Let s = 3 - 5. Let p(y) = 7*y. Let j(r) = -15*r + 1. Let d(z) = z + 4. Let l be d(-9). Let k(a) = l*p(a) - 2*j(a). Determine k(s).
8
Let g(l) be the first derivative of -l**2/2 - 4. Calculate g(-2).
2
Let a(z) be the second derivative of z**3/2 + 3*z**2 - 71*z. Let v = -9 - -5. Give a(v).
-6
Let m(x) = -2*x - 7. Let f(b) = b + 3. Let w = -11 - -8. Let g(r) = w*m(r) - 7*f(r). Suppose -8 = 2*y + 2. Calculate g(y).
5
Let h(s) be the second derivative of -s**5/60 + s**4/12 - 7*s**3/6 + 7*s. Let u(r) be the second derivative of h(r). Calculate u